{"id":53,"date":"2015-10-04T12:57:56","date_gmt":"2015-10-04T12:57:56","guid":{"rendered":"http:\/\/skiclub-rielasingen.de\/wordpress_d\/?page_id=53"},"modified":"2025-11-19T17:25:04","modified_gmt":"2025-11-19T16:25:04","slug":"kontakt","status":"publish","type":"page","link":"https:\/\/skiclub-rielasingen.de\/wordpress_d\/?page_id=53","title":{"rendered":"Kontakt"},"content":{"rendered":"<div id=\"pl-53\"  class=\"panel-layout\" ><div id=\"pg-53-0\"  class=\"panel-grid panel-no-style\" ><div id=\"pgc-53-0-0\"  class=\"panel-grid-cell\" ><div id=\"panel-53-0-0-0\" class=\"so-panel widget widget_text panel-first-child panel-last-child\" data-index=\"0\" ><h3 class=\"widget-title\">Kontakt und Impressum<\/h3>\t\t\t<div class=\"textwidget\"><p>Auf dieser Seite k\u00f6nnen Sie uns eine Nachricht schicken und sehen wie Sie uns erreichen.<\/p>\n<p>Au\u00dferdem finden Sie hier unser Impressum und unsere Datenschutzerkl\u00e4rung:<br \/>\n<strong><a href=\"http:\/\/www.skiclub-rielasingen.de\/pdfs\/Impressum.pdf\"> Impressum<\/a><\/strong>, <strong><a href=\"http:\/\/www.skiclub-rielasingen.de\/pdfs\/Datenschutz.pdf\"> Datenschutzerkl\u00e4rung <\/a><\/strong><\/p>\n<\/div>\n\t\t<\/div><\/div><\/div><div id=\"pg-53-1\"  class=\"panel-grid panel-no-style\" ><div id=\"pgc-53-1-0\"  class=\"panel-grid-cell\" ><div id=\"panel-53-1-0-0\" class=\"so-panel widget widget_caldera_forms_widget panel-first-child panel-last-child\" data-index=\"1\" ><h3 class=\"widget-title\"> <\/h3><\/div><\/div><\/div><div id=\"pg-53-2\"  class=\"panel-grid panel-no-style\" ><div id=\"pgc-53-2-0\"  class=\"panel-grid-cell\" ><div id=\"panel-53-2-0-0\" class=\"so-panel widget widget_text panel-first-child panel-last-child\" data-index=\"2\" ><h3 class=\"widget-title\">Postadresse<\/h3>\t\t\t<div class=\"textwidget\">Skiclub Rielasingen e.V. <br>\nLangen\u00e4cker 29<br>\n78239 Rielasingen-Worblingen<br><\/div>\n\t\t<\/div><\/div><div id=\"pgc-53-2-1\"  class=\"panel-grid-cell\" ><div id=\"panel-53-2-1-0\" class=\"so-panel widget widget_text panel-first-child panel-last-child\" data-index=\"3\" ><h3 class=\"widget-title\">Skischule<\/h3>\t\t\t<div class=\"textwidget\">Sandra Lehmann<br>\n<br>\n<a href=\"mailto:Skischule@skiclub-rielasingen.de\">Skischule@skiclub-rielasingen.de<\/a><\/div>\n\t\t<\/div><\/div><div id=\"pgc-53-2-2\"  class=\"panel-grid-cell\" ><div id=\"panel-53-2-2-0\" class=\"so-panel widget widget_text panel-first-child panel-last-child\" data-index=\"4\" ><h3 class=\"widget-title\">Webmaster<\/h3>\t\t\t<div class=\"textwidget\">Marcel G\u00fcltig <br>\n<br>\n<a href=\"mailto:webmaster@skiclub-rielasingen.de\">webmaster@skiclub-rielasingen.de<\/a><\/div>\n\t\t<\/div><\/div><\/div><\/div>","protected":false},"excerpt":{"rendered":"<p>Auf dieser Seite k\u00f6nnen Sie uns eine Nachricht schicken und sehen wie Sie uns erreichen. Au\u00dferdem finden Sie hier unser Impressum und unsere Datenschutzerkl\u00e4rung: Impressum, Datenschutzerkl\u00e4rung<\/p>\n","protected":false},"author":2,"featured_media":0,"parent":15,"menu_order":8,"comment_status":"closed","ping_status":"closed","template":"","meta":{"footnotes":""},"class_list":["post-53","page","type-page","status-publish","hentry"],"_links":{"self":[{"href":"https:\/\/skiclub-rielasingen.de\/wordpress_d\/index.php?rest_route=\/wp\/v2\/pages\/53","targetHints":{"allow":["GET"]}}],"collection":[{"href":"https:\/\/skiclub-rielasingen.de\/wordpress_d\/index.php?rest_route=\/wp\/v2\/pages"}],"about":[{"href":"https:\/\/skiclub-rielasingen.de\/wordpress_d\/index.php?rest_route=\/wp\/v2\/types\/page"}],"author":[{"embeddable":true,"href":"https:\/\/skiclub-rielasingen.de\/wordpress_d\/index.php?rest_route=\/wp\/v2\/users\/2"}],"replies":[{"embeddable":true,"href":"https:\/\/skiclub-rielasingen.de\/wordpress_d\/index.php?rest_route=%2Fwp%2Fv2%2Fcomments&post=53"}],"version-history":[{"count":18,"href":"https:\/\/skiclub-rielasingen.de\/wordpress_d\/index.php?rest_route=\/wp\/v2\/pages\/53\/revisions"}],"predecessor-version":[{"id":816,"href":"https:\/\/skiclub-rielasingen.de\/wordpress_d\/index.php?rest_route=\/wp\/v2\/pages\/53\/revisions\/816"}],"up":[{"embeddable":true,"href":"https:\/\/skiclub-rielasingen.de\/wordpress_d\/index.php?rest_route=\/wp\/v2\/pages\/15"}],"wp:attachment":[{"href":"https:\/\/skiclub-rielasingen.de\/wordpress_d\/index.php?rest_route=%2Fwp%2Fv2%2Fmedia&parent=53"}],"curies":[{"name":"wp","href":"https:\/\/api.w.org\/{rel}","templated":true}]}}