{"id":43,"date":"2015-10-04T12:45:59","date_gmt":"2015-10-04T12:45:59","guid":{"rendered":"http:\/\/skiclub-rielasingen.de\/wordpress_d\/?page_id=43"},"modified":"2025-09-11T10:06:47","modified_gmt":"2025-09-11T08:06:47","slug":"skigymnastik","status":"publish","type":"page","link":"https:\/\/skiclub-rielasingen.de\/wordpress_d\/?page_id=43","title":{"rendered":"Skigymnastik"},"content":{"rendered":"<div id=\"pl-43\"  class=\"panel-layout\" ><div id=\"pg-43-0\"  class=\"panel-grid panel-no-style\" ><div id=\"pgc-43-0-0\"  class=\"panel-grid-cell panel-grid-cell-mobile-last\" ><div id=\"panel-43-0-0-0\" class=\"so-panel widget widget_text panel-first-child panel-last-child\" data-index=\"0\" ><h3 class=\"widget-title\">Skigymnastik ab dem 06.10.2025<\/h3>\t\t\t<div class=\"textwidget\">Endlich ist es soweit! Ab dem 06.10.2025 k\u00f6nnen Sie mit der Skigymnastik in die neue Saison starten. <br>\nDie Skigymnastik findet immer Montags von 19-20 Uhr in der Halle an der Scheffelschule in Rielasingen statt.<br>\nWie immer wird ein abwechslungsreiches Programm mit Gymnastik, Konditions-, Kraft- und Ausdauertraining geboten. F\u00fcr Mitglieder ist der Kurs kostenlos, f\u00fcr Nichtmitglieder f\u00e4llt eine geringe Kursgeb\u00fchr an. Der Skiclub l\u00e4dt alle Mitglieder und Nichtmitglieder herzlich ein.\n<br>\n<br>\nF\u00fcr Nichtmitglieder wird eine einmalige Teilnahmegeb\u00fchr von 35\u20ac berechnet.\n\n<\/div>\n\t\t<\/div><\/div><div id=\"pgc-43-0-1\"  class=\"panel-grid-cell panel-grid-cell-empty\" ><\/div><\/div><\/div>","protected":false},"excerpt":{"rendered":"<p>Endlich ist es soweit! Ab dem 06.10.2025 k\u00f6nnen Sie mit der Skigymnastik in die neue Saison starten. Die Skigymnastik findet immer Montags von 19-20 Uhr in der Halle an der Scheffelschule in Rielasingen statt. Wie immer wird ein abwechslungsreiches Programm mit Gymnastik, Konditions-, Kraft- und Ausdauertraining geboten. F\u00fcr Mitglieder ist der Kurs kostenlos, f\u00fcr Nichtmitglieder&hellip;<\/p>\n","protected":false},"author":2,"featured_media":0,"parent":0,"menu_order":5,"comment_status":"closed","ping_status":"closed","template":"","meta":{"footnotes":""},"class_list":["post-43","page","type-page","status-publish","hentry"],"_links":{"self":[{"href":"https:\/\/skiclub-rielasingen.de\/wordpress_d\/index.php?rest_route=\/wp\/v2\/pages\/43","targetHints":{"allow":["GET"]}}],"collection":[{"href":"https:\/\/skiclub-rielasingen.de\/wordpress_d\/index.php?rest_route=\/wp\/v2\/pages"}],"about":[{"href":"https:\/\/skiclub-rielasingen.de\/wordpress_d\/index.php?rest_route=\/wp\/v2\/types\/page"}],"author":[{"embeddable":true,"href":"https:\/\/skiclub-rielasingen.de\/wordpress_d\/index.php?rest_route=\/wp\/v2\/users\/2"}],"replies":[{"embeddable":true,"href":"https:\/\/skiclub-rielasingen.de\/wordpress_d\/index.php?rest_route=%2Fwp%2Fv2%2Fcomments&post=43"}],"version-history":[{"count":27,"href":"https:\/\/skiclub-rielasingen.de\/wordpress_d\/index.php?rest_route=\/wp\/v2\/pages\/43\/revisions"}],"predecessor-version":[{"id":787,"href":"https:\/\/skiclub-rielasingen.de\/wordpress_d\/index.php?rest_route=\/wp\/v2\/pages\/43\/revisions\/787"}],"wp:attachment":[{"href":"https:\/\/skiclub-rielasingen.de\/wordpress_d\/index.php?rest_route=%2Fwp%2Fv2%2Fmedia&parent=43"}],"curies":[{"name":"wp","href":"https:\/\/api.w.org\/{rel}","templated":true}]}}